site?
False
Is 11647 composite?
True
Is 29663 a composite number?
False
Is 21313 prime?
True
Is 6839 a composite number?
True
Is 1543 a prime number?
True
Is 234431 a prime number?
True
Is 4493 composite?
False
Is 142337 composite?
True
Is 29837 prime?
True
Is 1551269 composite?
False
Is 499943 prime?
True
Is 2333 a prime number?
True
Is 4269 prime?
False
Is 35933 prime?
True
Is 922413 prime?
False
Is 45491 prime?
True
Is 528611 a prime number?
True
Is 37165 a composite number?
True
Is 331883 composite?
False
Is 150359 prime?
False
Is 153839 a prime number?
False
Is 211999 a prime number?
False
Is 50261 a prime number?
True
Is 3433 prime?
True
Is 34907 prime?
False
Is 37087 prime?
True
Is 31015 prime?
False
Is 288559 prime?
True
Is 720053 a prime number?
True
Is 4283 a composite number?
False
Is 35149 a composite number?
False
Is 19373 composite?
False
Is 5381 prime?
True
Is 1441 a composite number?
True
Is 19531 composite?
False
Is 1087 a composite number?
False
Is 193073 prime?
True
Is 14369 prime?
True
Is 1262711 a prime number?
True
Is 5266 a prime number?
False
Is 2897 a prime number?
True
Is 689 composite?
True
Is 10379 composite?
True
Is 73565 a composite number?
True
Is 45667 composite?
False
Is 134259 prime?
False
Is 21709 a composite number?
True
Is 42421 prime?
False
Is 1049251 prime?
False
Is 33679 a prime number?
True
Is 12571 prime?
False
Is 19561 composite?
True
Is 2914322 a composite number?
True
Is 25945 prime?
False
Is 66029 composite?
False
Is 10663 composite?
False
Is 5447 prime?
False
Is 50723 a prime number?
True
Is 8013 a composite number?
True
Is 3543 a composite number?
True
Is 153133 a composite number?
False
Is 5297 prime?
True
Is 35338 composite?
True
Is 80701 a composite number?
False
Is 75821 prime?
True
Is 907 a prime number?
True
Is 5246801 a prime number?
False
Is 33107 composite?
False
Is 116743 prime?
False
Is 32501 a composite number?
True
Is 17497 a prime number?
True
Is 3977 a composite number?
True
Is 85049 composite?
False
Is 58447 a prime number?
False
Is 9761 a prime number?
False
Is 641513 a prime number?
True
Is 20014 prime?
False
Is 6449 a composite number?
False
Is 135319 prime?
True
Is 481 a prime number?
False
Is 61027 a composite number?
False
Is 308287 composite?
True
Is 329387 a composite number?
False
Is 33257 a composite number?
True
Is 262265 composite?
True
Is 4547 a composite number?
False
Is 18157 a composite number?
True
Is 8339 prime?
False
Is 811099 a composite number?
False
Is 154051 a composite number?
True
Is 1397 composite?
True
Is 671557 a prime number?
True
Is 138887 a composite number?
True
Is 128005 a composite number?
True
Is 1287449 prime?
False
Is 2605 a prime number?
False
Is 5293 prime?
False
Is 8779 composite?
False
Is 382849 composite?
True
Is 5534 a composite number?
True
Is 6257 a prime number?
True
Is 12247 prime?
False
Is 3045535 a composite number?
True
Is 74569 composite?
True
Is 129697 composite?
True
Is 147677 a prime number?
False
Is 337235 a prime number?
False
Is 4391 composite?
False
Is 520471 a composite number?
True
Is 1361 composite?
False
Is 302635 prime?
False
Is 2179 prime?
True
Is 155011 a prime number?
False
Is 8077 prime?
False
Is 51533 composite?
True
Is 54767 a composite number?
False
Is 427857 prime?
False
Is 18923 a prime number?
False
Is 2099 composite?
False
Is 703631 a prime number?
True
Is 10063 composite?
True
Is 35179 a prime number?
False
Is 176923 prime?
True
Is 139043 a composite number?
True
Is 284083 a prime number?
True
Is 86579 a prime number?
True
Is 371617 composite?
False
Is 459881 composite?
True
Is 14119 a composite number?
True
Is 6071 a prime number?
False
Is 2410453 prime?
True
Is 1814 prime?
False
Is 35011 composite?
True
Is 487177 a prime number?
True
Is 1121891 prime?
False
Is 338302 a composite number?
True
Is 6081 a composite number?
True
Is 17851 prime?
True
Is 67409 prime?
True
Is 521 a prime number?
True
Is 1075363 a prime number?
False
Is 11062 a prime number?
False
Is 235555 prime?
False
Is 19757 a prime number?
False
Is 278143 prime?
True
Is 42523 a prime number?
False
Is 159481 composite?
True
Is 7367 composite?
True
Is 44351 a composite number?
False
Is 45047 composite?
True
Is 280753 a prime number?
False
Is 11647 prime?
False
Is 396313 a composite number?
True
Is 78095 prime?
False
Is 36607 a prime number?
True
Is 1989847 prime?
True
Is 13567 a prime number?
True
Is 29719 composite?
True
Is 24281 a prime number?
True
Is 18478 prime?
False
Is 431 composite?
False
Is 114233 a composite number?
True
Is 7171 a prime number?
False
Is 7669 a composite number?
False
Is 9923 composite?
False
Is 218811 composite?
True
Is 107507 prime?
True
Is 3221 prime?
True
Is 2721899 a prime number?
True
Is 150193 prime?
True
Is 247501 a composite number?
False
Is 6347 a composite number?
True
Is 1199553 a composite number?
True
Is 360227 a prime number?
False
Is 58267 a composite number?
True
Is 13045 composite?
True
Is 634799 prime?
False
Is 167521 a prime number?
True
Is 99367 a composite number?
False
Is 253103 prime?
True
Is 800027 a composite number?
True
Is 171293 prime?
True
Is 1565999 a prime number?
False
Is 77659 a composite number?
False
Is 14647 prime?
False
Is 4204337 a prime number?
True
Is 1361 a composite number?
False
Is 1013263 a composite number?
False
Is 2063 composite?
False
Is 8051 prime?
False
Is 412333 prime?
True
Is 41885 a prime number?
False
Is 96335 composite?
True
Is 334127 prime?
True
Is 91603 a prime number?
False
Is 1478 prime?
False
Is 95257 a composite number?
False
Is 1895 prime?
False
Is 213103 prime?
False
Is 305267 a composite number?
False
Is 17273 a composite number?
True
Is 2579 a prime number?
True
Is 28637 composite?
True
Is 413027 composite?
False
Is 62443 a composite number?
True
Is 32729 prime?
False
Is 442495 composite?
True
Is 151377 composite?
True
Is 8881 prime?
False
Is 3217 a prime number?
True
Is 23459 a composite number?
False
Is 15727 composite?
False
Is 459749 prime?
True
Is 20887 a composite number?
False
Is 38293 composite?
True
Is 533579 prime?
False
Is 4861 composite?
False
Is 5006 composite?
True
Is 125843 prime?
False
Is 142939 a prime number?
True
Is 66083 a prime number?
True
Is 19066 a composite number?
True
Is 26669 prime?
True
Is 68938 composite?
True
Is 6773 prime?
False
Is 2939 a composite number?
False
Is 24385 composite?
True
Is 2857 prime?
True
Is 21661 prime?
True
Is 37333 a prime number?
False
Is 3924071 a prime number?
True
Is 3943 a prime number?
True
Is 4067017 a prime number?
False
Is 341 a prime number?
False
Is 67955 a composite number?
True
Is 280811 a composite number?
False
Is 3793 composite?
False
Is 4751 composite?
False
Is 7737 prime?
False
Is 678901 composite?
False
Is 120157 a composite number?
False
Is 23399 a composite number?
False
Is 595391 prime?
False
Is 631 a prime number?
True
Is 7807 composite?
True
Is 197189 a composite number?
True
Is 10427 a prime number?
True
Is 143191 prime?
False
Is 627763 a composite number?
True
Is 161 a composite number?
True
Is 504121 a composite number?
False
Is 662731 a composite number?
True
Is 1907 a composite number?
False
Is 39085 a prime number?
False
Is 62201 a composite number?
False
Is 170531 composite?
True
Is 447463 composite?
False
Is 3468437 composite?
True
Is 17859 prime?
False
Is 246193 a composite number?
False
Is 19174 composite?
True
Is 53437 composite?
False
Is 8098 a composite number?
True
Is 263759 a composite number?
False
Is 47327 composite?
True
Is 35177 prime?
False
Is 22189 a composite number?
False
Is 6383 composite?
True
Is 98317 composite?
False
Is 3389 prime?
True
Is 580445 a prime number?
False
Is 76135 a composite number?
True
Is 132035 prime?
False
Is 25027 a composite number?
True
Is 82385 a prime number?
False
Is 1353805 a composite number?
True
Is 32885 prime?
False
Is 27959 composite?
True
Is 12083 a prime number?
False
Is 90043 a prime number?
False
Is 176131 a composite number?
True
Is 11071 a prime number?
True
Is 3205 a composite number?
True
Is 1756877 a composite number?
False
Is 34199 prime?
False
Is 7063 a composite number?
True
Is 333859 a prime number?
False
Is 1291 composite?
False
Is 153173 composite?
True
Is 12181 a composite number?
True
Is 44071 a compo